y 22.
16
Calculate the remainder when 280799 is divided by 300.
299
Calculate the remainder when 34437 is divided by 4912.
53
What is the remainder when 1677253 is divided by 982?
979
Calculate the remainder when 68763 is divided by 8.
3
What is the remainder when 2072 is divided by 460?
232
Calculate the remainder when 97935 is divided by 590.
585
What is the remainder when 3006 is divided by 843?
477
Calculate the remainder when 431324 is divided by 205.
4
Calculate the remainder when 1229591 is divided by 20493.
11
Calculate the remainder when 8447 is divided by 703.
11
Calculate the remainder when 18497 is divided by 394.
373
What is the remainder when 29297 is divided by 133?
37
Calculate the remainder when 497296 is divided by 497295.
1
What is the remainder when 21708 is divided by 236?
232
What is the remainder when 945 is divided by 308?
21
Calculate the remainder when 2440 is divided by 557.
212
Calculate the remainder when 49425 is divided by 1460.
1245
Calculate the remainder when 13522 is divided by 2683.
107
What is the remainder when 2960 is divided by 13?
9
What is the remainder when 9700 is divided by 84?
40
Calculate the remainder when 932875 is divided by 780.
775
Calculate the remainder when 2204 is divided by 725.
29
Calculate the remainder when 73208 is divided by 9149.
16
What is the remainder when 438772 is divided by 674?
672
What is the remainder when 10124 is divided by 3109?
797
Calculate the remainder when 19779 is divided by 6.
3
What is the remainder when 872869 is divided by 616?
613
What is the remainder when 117758 is divided by 118?
112
Calculate the remainder when 24078 is divided by 236.
6
What is the remainder when 8749 is divided by 2804?
337
Calculate the remainder when 6858 is divided by 3407.
44
What is the remainder when 1069 is divided by 388?
293
What is the remainder when 721 is divided by 84?
49
What is the remainder when 10818 is divided by 386?
10
Calculate the remainder when 9448 is divided by 725.
23
Calculate the remainder when 2417000 is divided by 36.
32
Calculate the remainder when 124165 is divided by 362.
361
What is the remainder when 5925 is divided by 424?
413
Calculate the remainder when 19597 is divided by 370.
357
What is the remainder when 40355 is divided by 10?
5
Calculate the remainder when 47075 is divided by 1622.
37
Calculate the remainder when 92329 is divided by 92321.
8
Calculate the remainder when 109491 is divided by 21893.
26
Calculate the remainder when 1571154 is divided by 459.
456
Calculate the remainder when 112830 is divided by 27.
24
What is the remainder when 15367 is divided by 144?
103
Calculate the remainder when 24177 is divided by 8050.
27
What is the remainder when 22498 is divided by 383?
284
Calculate the remainder when 211844 is divided by 145.
144
What is the remainder when 30528 is divided by 228?
204
What is the remainder when 697 is divided by 103?
79
What is the remainder when 598267 is divided by 22?
21
What is the remainder when 13046 is divided by 483?
5
What is the remainder when 95714 is divided by 38?
30
Calculate the remainder when 16453 is divided by 8210.
33
What is the remainder when 46566 is divided by 14?
2
Calculate the remainder when 1858 is divided by 1747.
111
What is the remainder when 63749 is divided by 44?
37
What is the remainder when 11514 is divided by 542?
132
What is the remainder when 522503 is divided by 369?
368
Calculate the remainder when 185118 is divided by 7.
3
Calculate the remainder when 266232 is divided by 15.
12
Calculate the remainder when 9779 is divided by 60.
59
Calculate the remainder when 69535 is divided by 41.
40
Calculate the remainder when 19019 is divided by 346.
335
What is the remainder when 34093 is divided by 2004?
25
What is the remainder when 46254 is divided by 15416?
6
What is the remainder when 21066 is divided by 5252?
58
Calculate the remainder when 615 is divided by 22.
21
What is the remainder when 14050 is divided by 63?
1
What is the remainder when 12964 is divided by 143?
94
What is the remainder when 9467 is divided by 35?
17
What is the remainder when 45534 is divided by 15174?
12
Calculate the remainder when 13063 is divided by 4332.
67
What is the remainder when 189 is divided by 71?
47
Calculate the remainder when 41134 is divided by 80.
14
Calculate the remainder when 69298 is divided by 133.
5
What is the remainder when 20521 is divided by 1578?
7
Calculate the remainder when 938435 is divided by 7.
1
Calculate the remainder when 32462 is divided by 5409.
8
Calculate the remainder when 937 is divided by 44.
13
Calculate the remainder when 18784 is divided by 722.
12
What is the remainder when 1292 is divided by 261?
248
Calculate the remainder when 2095 is divided by 689.
28
What is the remainder when 66508 is divided by 10?
8
Calculate the remainder when 4120 is divided by 78.
64
Calculate the remainder when 2428 is divided by 611.
595
Calculate the remainder when 2068 is divided by 231.
220
What is the remainder when 8129 is divided by 3929?
271
Calculate the remainder when 2077 is divided by 1329.
748
What is the remainder when 12558 is divided by 51?
12
What is the remainder when 42550 is divided by 21275?
0
Calculate the remainder when 9658 is divided by 1929.
13
What is the remainder when 17330 is divided by 1327?
79
What is the remainder when 9611 is divided by 247?
225
What is the remainder when 60116 is divided by 19957?
245
Calculate the remainder when 12624 is divided by 4206.
6
What is the remainder when 617 is divided by 213?
191
What is the remainder when 4957 is divided by 1150?
357
Calculate the remainder when 1561 is divided by 690.
181
Calculate the remainder when 1311 is divided by 878.
433
Calculate the remainder when 4076 is divided by 1555.
966
Calculate the remainder when 312239 is divided by 104069.
32
What is the remainder when 53778 is divided by 1490?
138
What is the remainder when 194907 is divided by 441?
426
What is the remainder when 5469 is divided by 44?
13
Calculate the remainder when 5426 is divided by 9.
8
Calculate the remainder when 182 is divided by 93.
89
Calculate the remainder when 5262 is divided by 75.
12
What is the remainder when 123527 is divided by 829?
6
Calculate the remainder when 92742 is divided by 405.
402
Calculate the remainder when 71991 is divided by 213.
210
What is the remainder when 11293 is divided by 426?
217
What is the remainder when 13973 is divided by 412?
377
What is the remainder when 16572 is divided by 16561?
11
Calculate the remainder when 1526692 is divided by 851.
849
Calculate the remainder when 97216 is divided by 32379.
79
Calculate the remainder when 5021 is divided by 679.
268
Calculate the remainder when 84871 is divided by 28286.
13
What is the remainder when 2350 is divided by 48?
46
Calculate the remainder when 13558 is divided by 71.
68
What is the remainder when 48257 is divided by 120?
17
What is the remainder when 50712 is divided by 251?
10
Calculate the remainder when 18338 is divided by 48.
2
Calculate the remainder when 52595 is divided by 711.
692
What is the remainder when 413831 is divided by 18?
11
Calculate the remainder when 3124 is divided by 1037.
13
Calculate the remainder when 787 is divided by 81.
58
What is the remainder when 8623 is divided by 16?
15
Calculate the remainder when 4203 is divided by 352.
331
Calculate the remainder when 26165 is divided by 191.
189
What is the remainder when 4669 is divided by 133?
14
Calculate the remainder when 3317 is divided by 21.
20
What is the remainder when 558 is divided by 555?
3
What is the remainder when 8598 is divided by 246?
234
Calculate the remainder when 22334 is divided by 23.
1
What is the remainder when 554663 is divided by 11?
10
Calculate the remainder when 362915 is divided by 51.
50
What is the remainder when 439623 is divided by 350?
23
Calculate the remainder when 12614 is divided by 52.
30
What is the remainder when 31454 is divided by 73?
64
Calculate the remainder when 14363 is divided by 5.
3
What is the remainder when 10707 is divided by 90?
87
Calculate the remainder when 11111 is divided by 109.
102
What is the remainder when 15710 is divided by 1420?
90
What is the remainder when 11370 is divided by 1130